, 11
Let g(z) = 379*z + 1346. What are the prime factors of g(18)?
2, 1021
Suppose -109*f + 283*f - 2237393 = 1731199. List the prime factors of f.
2, 2851
Let k(q) = 237*q**2 + 247*q - 22. List the prime factors of k(-7).
2, 4931
Suppose 11 = 9*r + 2*r. Let m be 10/4 - (1/2)/r. Suppose 0 = b + 4*b + m*w - 631, -b = -4*w - 135. What are the prime factors of b?
127
Let f = 34 - 34. Suppose f = 2*k + a + 2*a - 131, -4*a = -20. Let v = k + -31. What are the prime factors of v?
3
Suppose -345 = 8*u + 63. Let g = u - -134. What are the prime factors of g?
83
Suppose -2*m - 6 = -3*r, 5*r - m - 11 = 2*m. Suppose -r*a - a = -60. List the prime factors of a.
2, 3
Let d(g) = -725*g + 275. What are the prime factors of d(-9)?
2, 5, 17
Let m(p) = 28*p**3 + 2*p**2 + 7*p - 14. Suppose -8*b + 18 = 2. List the prime factors of m(b).
2, 29
Let z be (1*3 - 5/2)*-4. Let f be 1/((z + -1)/(-24)). Suppose -1020 = f*w - 13*w. What are the prime factors of w?
2, 3, 17
Let z(j) = -138*j + 282. Let f(h) = -68*h + 141. Let g(x) = 7*f(x) - 3*z(x). List the prime factors of g(-11).
823
Suppose 4*n + 9 - 21 = 0. What are the prime factors of n/(-5) - 11277/(-45)?
2, 5
Let g = 215 + -213. Suppose 0 = 2*s, g*v + s + 3*s - 872 = 0. What are the prime factors of v?
2, 109
Let i(z) = 9*z**3 - 14*z**2 + 42*z - 16. Let u be i(5). Suppose 3*n + 5*t - u = 7*t, 1294 = 4*n - 2*t. List the prime factors of n.
5, 13
Let y(q) = -26*q**3 + 2*q**2 - 1. Let j be y(-1). Let t be 12/5*-4*25/(-40). Suppose 24*r + t = j*r. What are the prime factors of r?
2
Let s be ((-518)/21)/((-2)/(-3)). Let h = s - -37. Suppose -2*x + y + 104 = h, -61 = -2*x + 2*y + 47. What are the prime factors of x?
2, 5
Suppose 603 = 12*v + 3375. Let k = v + 318. List the prime factors of k.
3, 29
Let y = -71 + 265. Let d be -3 + (-55)/(-20) + y/8. List the prime factors of (2 + -6)*d/(-3).
2
Let u be (3 + -1)/((-2)/(-14)). Suppose -1674*l + 1673*l + 5*w = -41, 0 = 4*l + 2*w - 32. Suppose l*a = u*a - 138. What are the prime factors of a?
2, 23
Let c be (-8415)/10 + 2 + 20/(-8). Let r = c + 1187. List the prime factors of r.
3, 5, 23
Let w = 108 + -107. Let v be (2 + 71 + w)/((-2)/2). Let h = 165 + v. What are the prime factors of h?
7, 13
Let m = -96 - -187. Let c = -87 + m. Suppose -y = -c*y - k + 563, -y = 3*k - 193. List the prime factors of y.
11, 17
Let r(d) = d + 3. Let l be r(1). Suppose -x - q = -177, l*x = -x + 2*q + 871. Suppose 2*j + y + 137 = 6*j, 5*j = 5*y + x. List the prime factors of j.
2, 17
Suppose -x - x + 3310 = 0. Suppose -4*u + x - 423 = 0. List the prime factors of u.
2, 7, 11
Let w(f) = 2*f**2 + f - 7. Let h be w(4). Let y(x) = 28 - 75 - 62*x + h. What are the prime factors of y(-4)?
2, 5, 23
Suppose 0 = 3*r + 77 - 17. Let m = 37 + r. Suppose 21*n - 388 = m*n. What are the prime factors of n?
97
Suppose 10*v - 45 = 19*v. List the prime factors of (v/10*0 - 0) + 700.
2, 5, 7
Let l(a) = 2*a - 43*a**3 - 2*a + 44*a**3 - a + 9 - 4*a**2. Suppose -3*x + 45 = 5*n, -n = -2*x - 3*x + 19. List the prime factors of l(n).
3, 5
Let y(w) = 5*w**2 + 239*w + 1043. List the prime factors of y(-111).
19, 1901
Let b be (7/(-3) - 1)*-3. Let k(g) be the third derivative of 5*g**4/12 - 8*g**3 - 138*g**2. List the prime factors of k(b).
2, 13
Let v(l) = 9199*l - 3192. List the prime factors of v(6).
2, 3, 107
What are the prime factors of 0 - (3813 - (1 - 0))*(-78)/78?
2, 953
Suppose -5316 = -3*x - 2*l + 5319, 0 = 4*x + 2*l - 14180. What are the prime factors of x?
5, 709
Suppose 6*g + 6870 = 20430. Suppose -2*u + 2288 = 2*y, u = 3*u - 5*y - g. List the prime factors of u.
2, 3, 5, 19
Let p(w) = -1 + 538*w**2 + 493*w**2 + 3*w - 10 - 831*w**2 - 4*w. What are the prime factors of p(-2)?
7, 113
Suppose -70 = -3*f - 4*f. Let u be (-4)/f - (-11635)/25. Suppose 5*h - 2*g - u = 0, -4*g = 3*h + h - 344. List the prime factors of h.
7, 13
Let m be 33/(-15) + 2 + (-42)/(-10). Let w be (-1 - -1060) + m + -8. What are the prime factors of w/20*-2*-2?
211
Suppose 5*t + 315 = -5*o, -10 = -t - 5. Let y = 73 + o. Suppose 588 + 137 = y*q. List the prime factors of q.
5, 29
Suppose x - 3*b - 2 = 2, 4*x = b - 39. Let o = 9 + x. What are the prime factors of 213/6*4*1 + o?
2, 5, 7
Let v(d) be the third derivative of 5*d**4/12 - 4*d**3/3 - 6*d**2. Let g be ((-40)/30)/((-2)/9). What are the prime factors of v(g)?
2, 13
Let c(l) = -15*l + 209. Let g be c(14). List the prime factors of (g - -554) + (-6 - (-3 + -3)).
7, 79
Suppose -21*s - 45050 = -g - 17*s, -3*g = -5*s - 135115. What are the prime factors of g?
2, 3, 5, 19, 79
What are the prime factors of (3 - -1)/1 - (-15 + 7 + -13718)?
2, 5, 1373
Let n be (65/117)/(2/18). Suppose -2*x - 294 = t - 1225, -4676 = -n*t - 3*x. What are the prime factors of t?
937
Suppose 3*q + 3*d + 18 = 0, 5*q + 30 = d + 2*d. Let i be (2/(-6))/(2/q). What are the prime factors of (180/48)/(i/4)?
3, 5
Suppose -7*c + 0*c - 651 = 0. Let y(g) = g**3 + 8*g**2 + 2*g + 6. Let b be y(-8). List the prime factors of 4/b*(-4 + -1) - c.
5, 19
Suppose 9*m - 65976 = -p + 6*m, -3*p - m = -197952. List the prime factors of p.
3, 5, 53, 83
Suppose -i = 3*v + 4*i - 2, i = -2*v + 13. Suppose -9 - 45 = -v*b. Suppose b*f + 148 = 10*f. What are the prime factors of f?
37
List the prime factors of (-6 - (-34 - 14))*688/6.
2, 7, 43
Suppose 0 = 15*a - 11*a + s - 100691, 7 = s. List the prime factors of a.
25171
Suppose -5*d - z - 1 = 0, 7*z = -2*d + 3*z - 4. Let r be (3*3/3)/(1 - d). Suppose 5*b + v = 180, r*b + 2*v = 6*b - 108. What are the prime factors of b?
2, 3
Suppose -6*l + 14 = -10. What are the prime factors of 2067/l - (-22)/88?
11, 47
Let n = 8540 - 1114. List the prime factors of n.
2, 47, 79
Suppose -5*s = 5*s + 14*s. Suppose 10*f + 5*f - 7590 = s. List the prime factors of f.
2, 11, 23
Suppose 55*y = 52*y + 141. Suppose 2*v = v + 4*s + y, 0 = -2*v + 2*s + 118. What are the prime factors of v?
3, 7
Let i(z) = z**3 + 15*z**2 - 189*z + 19. List the prime factors of i(-16).
3, 929
Let t(o) = -o**2 - 10*o - 5. Let s be t(-9). Suppose -3592 = -s*g - 0*g. Suppose r + p - 226 = 0, -2*p = 4*r - p - g. What are the prime factors of r?
2, 7
Suppose -18*a + 26*a - 48 = 0. Suppose 1020 = a*v - 4*v. List the prime factors of v.
2, 3, 5, 17
Let c(l) = 5*l + 112. Let v be c(-20). Suppose 0 = 2*u + y - 540, 13*u = v*u + y + 273. List the prime factors of u.
271
List the prime factors of (-186846)/(-28) - 48/672.
6673
Suppose -4*p - 4*i = -40, -3*p - i + 4*i = 0. Suppose 8*t - 7*t = -5*r + 30, 0 = p*t + 5*r - 110. List the prime factors of t.
2, 5
Suppose -1121 - 874 = r - 5*o, -2*r - o = 3935. Suppose 36*f + 999 + 189 = 0. List the prime factors of f/198 - r/12.
2, 41
Suppose -j + 162 + 178 = g, -2*j + 2*g = -680. Suppose i - 5*h - j = -2*i, 0 = 2*i - 3*h - 228. Suppose -2*b + i = -34. What are the prime factors of b?
7, 11
Suppose -4*m + 3516 = -g + 5*g, 5*m - g - 4395 = 0. List the prime factors of m.
3, 293
Let o(n) = 2*n + 1. Let r(q) = 19*q - 74. Let a(k) = -5*o(k) - r(k). List the prime factors of a(-4).
5, 37
Let n(h) = h**3 - 3*h + 5261. Let c be n(0). Suppose l = 5*q - 3*l - c, -2*l = 2*q - 2108. What are the prime factors of q?
3, 13
Let s = 8957 + -285. What are the prime factors of s?
2, 271
Suppose -15*w + 42922 = 5902. Suppose -9*o - w + 19001 = 0. List the prime factors of o.
11, 167
Let n be (2 + -4)/((-2)/(-3)) - -9. Suppose -14*o + 12*o = -n. Suppose 0 = 2*v - 8, -256 = -4*r + o*v - 2*v. List the prime factors of r.
5, 13
Let p be (25 - 4)/(-3) + (-9)/(-3). Let r(w) = -w**2 - 1. Let c(b) = 2*b**2 + 18. Let m(n) = p*r(n) - c(n). What are the prime factors of m(10)?
2, 3, 31
Let j be (-3 - (-30)/9) + 4800/18. Let f = j + 399. List the prime factors of f.
2, 3, 37
Let g(i) = 2*i**3 + 5*i**2 - 8. Let m be g(-2). What are the prime factors of 908*(-3 - (-8 - m))?
2, 227
Suppose 4*k + 2*m + 22 = 0, 26 = -2*k + 3*m - m. Let l(j) be the first derivative of j**3 - 2*j**2 + 2*j - 138. List the prime factors of l(k).
2, 113
Suppose -2*k + 18498 = -3*p, 5*k + p = -4777 + 50971. What are the prime factors of k?
2, 3, 5, 7, 11
Suppose 55006 = 3*z - 2*u + 4210, 2*z - 33880 = -4*u. What are the prime factors of z?
2, 8467
What are the prime factors of 5 + 23901 + 17 + -9 - -6?
2, 5, 13, 23
Let j(c) = 84*c + 967. List the prime fact